?
2, 2027, 43997
List the prime factors of 180245363.
191, 943693
What are the prime factors of 2027549162?
2, 37, 1249, 21937
What are the prime factors of 244597634?
2, 8629, 14173
List the prime factors of 76753127.
11, 349, 19993
What are the prime factors of 183477889?
7, 17, 19, 4271
List the prime factors of 71364495.
3, 5, 1319, 3607
What are the prime factors of 175567720?
2, 5, 4389193
What are the prime factors of 1691402126?
2, 25933, 32611
List the prime factors of 944548157.
7, 587, 32839
What are the prime factors of 8384422936?
2, 31, 811, 41687
What are the prime factors of 2769328804?
2, 11, 62939291
What are the prime factors of 422013103?
422013103
What are the prime factors of 467618936?
2, 58452367
What are the prime factors of 14515064?
2, 1814383
What are the prime factors of 2631617060?
2, 5, 131580853
List the prime factors of 50939735.
5, 7, 11, 17, 43, 181
What are the prime factors of 160898943?
3, 53632981
What are the prime factors of 58649723?
11, 67, 79579
List the prime factors of 4498326682.
2, 3547, 634103
What are the prime factors of 115555908?
2, 3, 13, 71, 10433
What are the prime factors of 15016428?
2, 3, 7, 2207
What are the prime factors of 98484581?
13, 19, 30671
What are the prime factors of 542660536?
2, 11, 17, 362741
List the prime factors of 1557597359.
6197, 251347
What are the prime factors of 60191400?
2, 3, 5, 43, 2333
List the prime factors of 1214076048.
2, 3, 25293251
List the prime factors of 74445338.
2, 11, 3383879
List the prime factors of 468306100.
2, 5, 41, 114221
What are the prime factors of 248551037?
7, 211, 168281
List the prime factors of 1402889057.
1402889057
What are the prime factors of 76111641?
3, 8456849
What are the prime factors of 3311801645?
5, 97, 6828457
What are the prime factors of 412372370?
2, 5, 41237237
What are the prime factors of 104743180?
2, 5, 821, 6379
What are the prime factors of 112144725?
3, 5, 7, 11, 6473
List the prime factors of 45640242.
2, 3, 19, 133451
What are the prime factors of 6302307568?
2, 1979, 199037
List the prime factors of 67505929.
17, 991, 4007
What are the prime factors of 35877126?
2, 3, 653, 9157
List the prime factors of 2172111602.
2, 2767, 392503
What are the prime factors of 719273922?
2, 3, 1627, 73681
List the prime factors of 75186837.
3, 11, 759463
What are the prime factors of 8477749435?
5, 1695549887
List the prime factors of 198855812.
2, 1019, 48787
What are the prime factors of 81526682?
2, 19, 2145439
List the prime factors of 51253760.
2, 5, 20021
What are the prime factors of 68896118?
2, 34448059
What are the prime factors of 275400505?
5, 23, 2394787
List the prime factors of 89364676.
2, 19, 179, 6569
List the prime factors of 8324148623.
7, 5387, 220747
List the prime factors of 926208256.
2, 1049, 3449
What are the prime factors of 1152003893?
1152003893
List the prime factors of 99773323.
13, 17, 661, 683
List the prime factors of 4026829754.
2, 31, 64948867
What are the prime factors of 6130491421?
41, 6863, 21787
List the prime factors of 3273470383.
3273470383
List the prime factors of 889720508.
2, 4673, 47599
What are the prime factors of 2468640979?
7, 29, 97, 283, 443
What are the prime factors of 1688313043?
61, 83, 139, 2399
What are the prime factors of 1562435700?
2, 3, 5, 7, 61, 12197
What are the prime factors of 1466817089?
32497, 45137
What are the prime factors of 2278850169?
3, 53, 1289, 11119
What are the prime factors of 6625868779?
17, 953, 408979
List the prime factors of 290282267.
11, 2399027
List the prime factors of 1298781514.
2, 59, 11006623
List the prime factors of 83595560.
2, 5, 2089889
What are the prime factors of 147837786?
2, 3, 577, 42703
List the prime factors of 71796544.
2, 149, 7529
List the prime factors of 888371154.
2, 3, 11, 31, 101, 1433
List the prime factors of 101199123.
3, 233, 48259
List the prime factors of 1613346107.
19, 107, 401, 1979
List the prime factors of 986726347.
167, 383, 15427
List the prime factors of 28814097.
3, 13, 31, 23833
What are the prime factors of 1332232844?
2, 41, 239, 829
List the prime factors of 1447159451.
241, 6004811
List the prime factors of 430014361.
7, 31, 59, 33587
List the prime factors of 2174005462.
2, 1087002731
List the prime factors of 4496737012.
2, 109, 10313617
List the prime factors of 235463968.
2, 2011, 3659
What are the prime factors of 1595756723?
11, 631, 229903
What are the prime factors of 237745711?
7, 33963673
List the prime factors of 212724407.
7, 193, 157457
List the prime factors of 126611292.
2, 3, 10550941
What are the prime factors of 2347767213?
3, 11, 113, 547, 1151
List the prime factors of 97454037.
3, 3671, 8849
What are the prime factors of 7382096163?
3, 13, 19, 1106927
List the prime factors of 194088781.
19, 449, 22751
List the prime factors of 71196947.
67, 109, 9749
List the prime factors of 3188376036.
2, 3, 47, 331, 5693
What are the prime factors of 2934164254?
2, 7, 43, 4874027
List the prime factors of 253776603.
3, 84592201
List the prime factors of 6556122634.
2, 19, 172529543
List the prime factors of 16237593.
3, 29, 62213
List the prime factors of 247621446.
2, 3, 71, 193757
List the prime factors of 525957897.
3, 43, 1481, 2753
List the prime factors of 3329748427.
53299, 62473
List the prime factors of 89994940.
2, 5, 7, 17, 37813
What are the prime factors of 791869247?
13, 977, 62347
What are the prime factors of 1400580674?
2, 700290337
List the prime factors of 205959100.
2, 5, 727, 2833
What are the prime factors of 2398309028?
2, 337, 1779161
What are the prime factors of 133588832?
2, 13, 53, 73, 83
What are the prime factors of 208595660?
2, 5, 7, 13, 114613
What are the prime factors of 22101519?
3, 11, 71, 9433
List the prime factors of 4523559166.
2, 7, 131, 352357
List the prime factors of 5233318.
2, 2616659
What are the prime factors of 40463930?
2, 5, 13, 149, 2089
List the prime factors of 130520500.
2, 5, 11, 19, 1249
What are the prime factors of 1780791451?
1780791451
What are the prime factors of 30236300?
2, 5, 211, 1433
What are the prime factors of 124052907?
3, 11, 179, 21001
What are the prime factors of 2710788407?
2710788407
What are the prime factors of 60104977?
60104977
List the prime factors of 865728773.
7, 13, 71, 133993
What are the prime factors of 806908228?
2, 7, 28818151
What are the prime factors of 7100653?
7, 257, 3947
List the prime factors of 433313250.
2, 3, 5, 577751
List the prime factors of 10637724.
2, 3, 67, 101, 131
What are the prime factors of 56526338?
2, 11, 43, 59753
List the prime factors of 557837174.
2, 278918587
List the prime factors of 167619739.
7, 29, 117959
List the prime factors of 41922403.
4273, 9811
List the prime factors of 22036021.
7, 3148003
What are the prime factors of 391419352?
2, 1009, 48491
List the prime factors of 25077513.
3, 103, 81157
List the prime factors of 1920853072.
2, 199, 603283
List the prime factors of 66272926.
2, 353, 93871
List the prime factors of 34934840.
2, 5, 71, 12301
List the prime factors of 471784143.
3, 1597, 98473
What are the prime factors of 2527782?
2, 3, 53, 7949
List the prime factors of 101086455.
3, 5, 61, 110477
List the prime factors of 222860929.
222860929
List the prime factors of 1290858008.
2, 11, 17, 47, 1669
List the prime factors of 717810044.
2, 7, 19, 277, 4871
List the prime factors of 102754656.
2, 3, 29, 1367
List the prime factors of 336346195.
5, 113, 595303
List the prime factors of 386296640.
2, 5, 691, 1747
What are the prime factors of 5905954990?
2, 5, 13, 823, 55201
What are the prime factors of 20614731?
3, 97, 70841
What are the prime factors of 116947475?
5, 4677899
What are the prime factors of 1314573620?
2, 5, 17, 3866393
List the prime factors of 1045118427.
3, 19, 18335411
List the prime factors of 78121928.
2, 643, 15187
List the prime factors of 2232712888.
2, 7, 2239, 17807
List the prime factors of 722265882.
2, 3, 13, 9259819
List the prime factors of 134556820.
2, 5, 443, 15187
What are the prime factors of 168157902?
2, 3, 11, 2547847
What are the prime factors of 5430924989?
7, 149, 5207023
What are the prime factors of 29487678?
2, 3, 11, 163, 2741
List the prime factors of 271978589.
271978589
List the prime f